 21811?
6968
Calculate the remainder when 7781118 is divided by 36.
6
What is the remainder when 61901910 is divided by 234?
18
What is the remainder when 190048 is divided by 35?
33
What is the remainder when 39242309 is divided by 157?
2
What is the remainder when 62014 is divided by 6855?
319
What is the remainder when 8912311 is divided by 84?
79
What is the remainder when 81805927 is divided by 78?
73
Calculate the remainder when 11046722 is divided by 25.
22
What is the remainder when 160379 is divided by 40070?
99
Calculate the remainder when 9090795 is divided by 80.
75
Calculate the remainder when 26472 is divided by 8316.
1524
What is the remainder when 32444 is divided by 491?
38
Calculate the remainder when 43519 is divided by 1635.
1009
Calculate the remainder when 41819 is divided by 41803.
16
Calculate the remainder when 15546225 is divided by 15546225.
0
What is the remainder when 370830 is divided by 14829?
105
Calculate the remainder when 2156651 is divided by 178.
3
What is the remainder when 168717 is divided by 5435?
232
Calculate the remainder when 41413 is divided by 796.
21
What is the remainder when 2847773 is divided by 1423883?
7
Calculate the remainder when 3453271 is divided by 1207.
44
What is the remainder when 2924969 is divided by 1737?
1598
Calculate the remainder when 8756 is divided by 6848.
1908
What is the remainder when 72762 is divided by 77?
74
What is the remainder when 272241 is divided by 90723?
72
What is the remainder when 81673718 is divided by 35869?
5
Calculate the remainder when 1462303 is divided by 1826.
1503
Calculate the remainder when 701566 is divided by 4715.
3746
What is the remainder when 1079876 is divided by 873?
848
What is the remainder when 4421154 is divided by 762?
30
Calculate the remainder when 203885 is divided by 1284.
1013
Calculate the remainder when 462194 is divided by 12163.
0
Calculate the remainder when 107568 is divided by 4481.
24
What is the remainder when 474742 is divided by 1260?
982
What is the remainder when 666412 is divided by 788?
552
Calculate the remainder when 722187 is divided by 50.
37
What is the remainder when 174673755 is divided by 2999?
2998
What is the remainder when 9871 is divided by 9181?
690
Calculate the remainder when 7773067 is divided by 10590.
7
Calculate the remainder when 174622 is divided by 21802.
206
Calculate the remainder when 1689983 is divided by 779.
332
Calculate the remainder when 36242 is divided by 11918.
488
What is the remainder when 1472564 is divided by 266?
254
What is the remainder when 84684518 is divided by 9?
8
What is the remainder when 1412107 is divided by 4723?
4653
What is the remainder when 6444474 is divided by 588?
582
What is the remainder when 133880 is divided by 1753?
652
Calculate the remainder when 62505461 is divided by 321.
20
What is the remainder when 12718 is divided by 2321?
1113
What is the remainder when 3070851 is divided by 14835?
6
What is the remainder when 29028760 is divided by 93944?
64
Calculate the remainder when 2934467 is divided by 45.
17
What is the remainder when 200404 is divided by 33?
28
What is the remainder when 14592 is divided by 2290?
852
Calculate the remainder when 77782 is divided by 15508.
242
What is the remainder when 199422 is divided by 33234?
18
What is the remainder when 20571830 is divided by 16?
6
Calculate the remainder when 253558 is divided by 15846.
22
Calculate the remainder when 2264117 is divided by 10107.
149
What is the remainder when 125460 is divided by 25044?
240
What is the remainder when 13569354 is divided by 560?
554
Calculate the remainder when 15615017 is divided by 215.
212
Calculate the remainder when 37670 is divided by 18783.
104
What is the remainder when 419378521 is divided by 1244?
1241
Calculate the remainder when 2237577 is divided by 16819.
650
What is the remainder when 9672 is divided by 7045?
2627
What is the remainder when 135641 is divided by 11963?
4048
Calculate the remainder when 11864600 is divided by 5292.
5228
Calculate the remainder when 20517611 is divided by 4822.
1
What is the remainder when 22515235 is divided by 40?
35
Calculate the remainder when 23186072 is divided by 7728687.
11
What is the remainder when 1052094 is divided by 210417?
9
What is the remainder when 4818868 is divided by 11?
10
What is the remainder when 61396 is divided by 754?
322
Calculate the remainder when 978718 is divided by 3546.
22
What is the remainder when 238896 is divided by 3621?
3531
Calculate the remainder when 5663334 is divided by 353958.
6
What is the remainder when 70670 is divided by 255?
35
Calculate the remainder when 309054 is divided by 3542.
900
Calculate the remainder when 3660528 is divided by 2497.
2423
Calculate the remainder when 517918 is divided by 17859.
7
Calculate the remainder when 14450 is divided by 13564.
886
What is the remainder when 599363586 is divided by 38?
36
What is the remainder when 3838 is divided by 1820?
198
What is the remainder when 67173 is divided by 917?
232
What is the remainder when 26059978 is divided by 255?
253
What is the remainder when 36908628 is divided by 4724?
16
What is the remainder when 838854 is divided by 40?
14
Calculate the remainder when 10913212 is divided by 164.
160
Calculate the remainder when 4440990 is divided by 4440972.
18
Calculate the remainder when 2921614409 is divided by 286.
285
Calculate the remainder when 76105 is divided by 24924.
1333
Calculate the remainder when 4338273 is divided by 1084556.
49
Calculate the remainder when 669816 is divided by 1260.
756
What is the remainder when 189903 is divided by 471?
90
What is the remainder when 78561916 is divided by 86237?
9
What is the remainder when 6004 is divided by 3372?
2632
What is the remainder when 207062 is divided by 22993?
125
Calculate the remainder when 2931306 is divided by 117.
105
What is the remainder when 2929514 is divided by 976493?
35
What is the remainder when 1558247 is divided by 76?
19
Calculate the remainder when 80458774 is divided by 73.
72
Calculate the remainder when 303528 is divided by 3755.
3128
Calculate the remainder when 1690114 is divided by 2687.
2678
Calculate the remainder when 27072 is divided by 576.
0
Calculate the remainder when 156227 is divided by 26012.
155
What is the remainder when 3942732 is divided by 20?
12
Calculate the remainder when 6430983 is divided by 2484.
2391
What is the remainder when 271781 is divided by 67944?
5
Calculate the remainder when 4034 is divided by 239.
210
What is the remainder when 5822804 is divided by 2911389?
26
Calculate the remainder when 1099084 is divided by 122109.
103
What is the remainder when 50756 is divided by 43?
16
Calculate the remainder when 3534807 is divided by 252486.
3
What is the remainder when 59569 is divided by 19649?
622
What is the remainder when 5206260 is divided by 6779?
6767
Calculate the remainder when 25332548 is divided by 24.
20
What is the remainder when 2597609 is divided by 3003?
14
What is the remainder when 1317733 is divided by 329401?
129
Calculate the remainder when 9303191 is divided by 271.
32
Calculate the remainder when 207108 is divided by 65347.
11067
What is the remainder when 96778 is divided by 997?
69
Calculate the remainder when 13811 is divided by 2155.
881
Calculate the remainder when 3190589 is divided by 1010.
1009
Calculate the remainder when 56273355 is divided by 23.
14
What is the remainder when 36657 is divided by 1357?
18
What is the remainder when 3856050 is divided by 595?
450
What is the remainder when 1549132 is divided by 627?
442
What is the remainder when 7597287 is divided by 94?
19
What is the remainder when 189406 is divided by 1323?
217
What is the remainder when 370159 is divided by 664?
311
What is the remainder when 24037711 is divided by 748?
731
What is the remainder when 1158218 is divided by 2?
0
What is the remainder when 89322 is divided by 505?
442
Calculate the remainder when 21439 is divided by 21161.
278
What is the remainder when 1355771 is divided by 20?
11
What is the remainder when 10415656 is divided by 39754?
108
What is the remainder when 146674 is divided by 9157?
162
Calculate the remainder when 101094 is divided by 4494.
2226
What is 